ppose 3*c = -f + u, 2*f + 3*c + 250 - 903 = 0. Is f a composite number?
False
Let u = -32 + 962. Suppose -6*q + u = -0*q. Suppose 2*d - q = -y, -5*d + 500 = 2*y + 194. Is y composite?
False
Let m be (-33)/(-198) - (-19169)/6. Let z be (1/1)/((-4)/(-24)). Suppose -3*r + m = z*r. Is r a prime number?
False
Suppose -276*h + 905447 = -275*h + 2*y, h - 2*y - 905451 = 0. Is h a composite number?
False
Suppose -x = 5*g - 6195, -5*x = -8*x + 5*g + 18505. Let s = -1410 + x. Is s a prime number?
False
Suppose 130*g + 132*g - 263*g + 54199 = 0. Is g a prime number?
False
Suppose -5*n = -c + 26373 - 4495, 65670 = 3*c - 3*n. Is c prime?
True
Let c(d) = 335*d + 9. Let f be c(30). Suppose -m - u = -f, m + 4*u = 5709 + 4344. Is m a prime number?
True
Let n = -4718 + 11224. Let z = n + -3849. Is z a composite number?
False
Suppose 5*t + n = 229, 0 = -2*t - 2*t + 3*n + 168. Let f be 26/4 - (t/(-6))/(-15). Suppose -f*p = -7*p + 673. Is p prime?
True
Suppose 5*j = k + 4998382, -16*j - 2*k = -20*j + 3998702. Is j prime?
False
Let l = 161 + -148. Suppose -l*m = -2*m - 21395. Is m prime?
False
Suppose k - 4*i + 12 = 0, -3*k = -8*k + 2*i - 114. Let l be (-10)/15 + k/27*-12. Is (-379)/(l - 8 - (1 - -2)) a composite number?
False
Let u = 160 + -156. Suppose 5*p - 5235 = -5*b, 3*p - u*b - 346 - 2767 = 0. Is p prime?
False
Let k = 191098 - 120207. Is k composite?
False
Let q(h) = 54*h**2 + 6*h + 8. Suppose 0*d + d = -4. Let u be q(d). Suppose 1234 = 2*s - u. Is s composite?
True
Let z be (3 - (1 + -1 + -46))*4. Suppose z = -c - 364. Let w = 1173 + c. Is w a composite number?
False
Is -26 + 12 + 1 + 3846 prime?
True
Let u(s) be the first derivative of 1293*s**2/2 + 117*s - 65. Is u(14) a composite number?
True
Suppose -20*d - 4097880 = -50*d. Suppose -97109 = -43*n + d. Is n a prime number?
False
Suppose -99*s + 15026505 = 120*s - 24*s. Is s composite?
True
Is 20/(-9 - 11)*-56033 composite?
True
Suppose -5*v - 5*a + 673345 = 0, 2*v - 269334 = -1141*a + 1137*a. Is v a composite number?
True
Let s be 10*292/(-16)*2. Suppose -8*k + 13*k + 5*g = 3135, k = -4*g + 618. Let z = k + s. Is z a prime number?
False
Suppose 2*f = -0*f. Suppose f = -8*b + 28042 + 10830. Is b composite?
True
Is 9 + -36 + 13 - -140991 a composite number?
False
Suppose -100 = 3*g + 7*g. Let p = -10 - g. Suppose i - 247 - 135 = p. Is i a prime number?
False
Let v(m) = 70*m**2 - 43*m + 316. Is v(15) composite?
True
Suppose -3*m = 5*y - 381041 - 291081, 0 = 3*y - 5*m - 403246. Is y prime?
False
Let d(h) = h**2 + 13*h - 20. Let u be d(-14). Let n(j) = -j**3 + j**2 - 19*j - 13. Is n(u) composite?
False
Suppose -2*i - 2*s = 76, 6*i + s = i - 174. Is i/136 + (2 - (-34245)/4) prime?
True
Let o(a) = -176*a**2 + 36*a - 77. Let u(h) = 59*h**2 - 12*h + 26. Let b(r) = -3*o(r) - 8*u(r). Is b(8) composite?
False
Is 2/(-4)*13/(117/(-290502)) composite?
False
Suppose 0 = -3*w - 3*q + 3445761, -11*q + 8*q - 5742871 = -5*w. Is w composite?
True
Let x(b) = b**2 - 11*b + 24. Let f(y) = -y**3 - 26*y**2 - y - 22. Let z be f(-26). Let c be x(z). Is 1/c - (-30849)/84 composite?
False
Let b(d) = d**3 - 6*d**2 + 47*d - 19. Suppose 0 = -3*q + 72 - 36. Is b(q) a prime number?
True
Suppose -4*x + 88 + 60 = 0. Suppose x*j = 35*j + 18. Suppose -9081 = -0*u - j*u. Is u a composite number?
False
Let n = 142937 - 85038. Is n prime?
True
Suppose 0*w + 0*w - w = 0. Suppose 10*u - 16527 + 53417 = w. Let h = 5166 + u. Is h a composite number?
True
Let f(b) = -451*b**2 - 11*b - 11. Let c be f(-5). Let a = c - -17022. Is a prime?
True
Suppose -7*f + 452 = -3*f + 4*b, 2*f + b - 223 = 0. Is (-82923)/(-33) + 20/f composite?
True
Let v = -4393 - -8361. Suppose -20 = -87*f + 83*f. Suppose f*s - 477 - v = 0. Is s a composite number?
True
Suppose -2*p = x - 6222, -3*x = 3*p - 13188 + 3849. Is p a prime number?
True
Let m be 2/(-10) + 6/30*61. Suppose 0 = 5*l - 18 - m. Suppose l*j = j + 1465. Is j a prime number?
True
Is (-154)/(-1155) + ((-3059126)/(-15))/2 a prime number?
False
Suppose -2*u = 3*f - 1201551, -114*f + 119*f + 3*u - 2002588 = 0. Is f prime?
True
Is (-33469)/(-4) + ((-99)/(-36) - 3) prime?
False
Let g = -437 + 437. Suppose g = -138*l + 135*l + 27291. Is l a composite number?
True
Let i be (-3 + (-20)/(-12))*-3. Is (2006/i)/((-8)/(-16)) composite?
True
Suppose -5*d + 124212 = -474033. Is d prime?
False
Let v = -61331 - -109884. Is v a prime number?
False
Suppose 0 = -2*k - 31*n + 35*n + 84578, -k - 2*n = -42309. Suppose -19*c + k = -26880. Is c a composite number?
True
Let m(w) = -2305*w - 67. Let l be ((-24)/6 + 5)/((-1)/6). Is m(l) composite?
False
Suppose -145*p = -7881237 + 2270752. Is p prime?
True
Let v = 513507 + 148010. Is v prime?
True
Let j = 1 - 1. Suppose 4*g - g - 9 = j. Suppose -d + 654 = -5*z, 865 + 1836 = 4*d - g*z. Is d a prime number?
False
Let f(o) = 15*o**3 + 42*o**2 - 46. Is f(17) prime?
False
Suppose 1668 = 4*t - i + 5*i, 4*t - 1647 = 3*i. Let p = t - 2652. Let m = p - -3133. Is m a prime number?
False
Let c be ((-25)/(-10) + -2)*22. Let n(p) = 53*p + 6. Is n(c) composite?
True
Let h(y) = 74*y**2 + 9*y - 53. Let q(i) = -73*i**2 - 10*i + 55. Let k(f) = 3*h(f) + 2*q(f). Is k(10) a prime number?
True
Suppose l + 792 = -784. Let k = -5196 - l. Let w = 8119 + k. Is w a prime number?
False
Let x = 690231 - -106204. Is x prime?
False
Suppose -48238788 = -33*r - 54*r - 69*r. Is r a prime number?
True
Suppose 5*f = 2*x - 1 - 3, 5*x + 4*f + 23 = 0. Let k be (-20)/(-50) - x/((-30)/(-46)). Suppose 4051 = k*b - 484. Is b prime?
True
Suppose 269 = c + 3890. Let r = 10066 + c. Is r a prime number?
False
Let k(w) = 52*w**2 + 92*w + 915. Is k(77) a prime number?
False
Let n = -147382 + 241363. Is n a composite number?
True
Suppose 3*c + c - 2*m = 5854, 0 = -c + 4*m + 1453. Is c prime?
False
Suppose 4*d + 0*d = -c + 714, -4*d + 2134 = 3*c. Suppose 282*o = 306*o - 75816. Let t = o - c. Is t composite?
True
Let y(c) = -30*c**3 - 3*c**2 - 3*c + 4. Let n be y(-4). Let s = n + -739. Is s a composite number?
True
Let i(j) = j**3 + 9*j**2 + 14*j - 19. Suppose q + 19 = 7. Let v be i(q). Let n = v + 1232. Is n composite?
False
Let o be (73/3)/(3/(-216)). Suppose -3*g - 14686 = 2*c - 7*c, -c + 2*g = -2933. Let w = o + c. Is w a composite number?
False
Let j(b) = 6*b**2 - 45*b + 1163. Is j(50) a prime number?
True
Let r = 3478 - -2155. Is r + -15 - 3/(-3)*5 composite?
False
Let l(n) = -89*n + 2*n**2 - 11 + 109*n - n**3 + 5*n**2. Let t be l(10). Let s = 196 + t. Is s a composite number?
True
Let r(y) = 329*y**2 - 13*y + 1. Is r(8) composite?
True
Let o(r) = 18*r**2 - 7*r - 8. Suppose -x + 4*i = -16 - 7, -4*x + 75 = i. Let n = 24 - x. Is o(n) a prime number?
False
Let z = 73 + -101. Let g = -34 - z. Let u(y) = -8*y**3 - 2*y**2 + 2*y - 7. Is u(g) a composite number?
False
Suppose -291*h = 42*h - 152068446. Is h prime?
False
Is 8686 + -6 + -7 - 14 prime?
False
Suppose -3*u + 28 = -5*c - 55, -2*u + 34 = -2*c. Let v(t) = -t**2 + t + 1. Let d(q) = 7*q**2 + 13*q - 18. Let r(i) = d(i) + 5*v(i). Is r(c) a prime number?
True
Let u be 2 + 7527 - 4/(-2). Suppose -1030 + u = 3*s. Suppose -q + s = 5*p, p = -3*q + 7*q - 8584. Is q composite?
True
Suppose -3*i - 15 = 0, z + z - 3*i - 19 = 0. Suppose 2*f - 5*f - 2*c = -28433, z*f = -3*c + 18952. Suppose 1691 = 10*q - f. Is q composite?
False
Suppose 28 + 20 = 6*x. Suppose 54 = x*y + y. Suppose -y*m + 5276 = -2*m. Is m prime?
True
Suppose 22*i - 27*i = -4925. Let t = -534 + i. Is t composite?
True
Suppose -2*p - y - 8425 = 0, 9 = -37*y + 40*y. Let f = 7597 + p. Is f a prime number?
False
Let j = -3208522 + 4722675. Is j a composite number?
False
Suppose -3*s = -6*s + 6. Suppose -3*c - 3 = -9, -3*c = -s*y + 53512. Is y prime?
True
Suppose 5*t = 5*c - 1353070, 51*c - 270629 = 50*c - 2*t. Is c a prime number?
True
Suppose 0 = -8*o + 59267 - 170043. Is (12 - (o - 4))/(1 - 0) composite?
True
Suppose -u + 240 = k, 134 + 841 = 4*u + k. Suppose 29 + 75 = 2*w + l, u = 5*w - 5*l. Is (26/6)/(1/w) a composite number?
True
Let l(n) = -9094*n + 749. Is l(-5) a prime number?
True
Let l(z) = 2*z**2 - 5*z - 9. Let b be l(4). Let a(x) = 432*x**2 + x + 8. Let o be a(b). Suppose 7*v - 3*v + o = s, 2*s - 7818 = -2*v. Is s a prime number?
True
Let t(n) be the first derivative of 345*n**3 + 29*n**2/2 + 3*n + 147. Is t(2) a composit